hat is 41 + -5885?
-5844
In base 8, what is -114 - -65?
-27
In base 15, what is 3 - 524a?
-5247
In base 6, what is 4 - -112304?
112312
In base 8, what is -14054653 + 3?
-14054650
In base 10, what is 4239 + -22?
4217
In base 5, what is -23 + -12000401?
-12000424
In base 10, what is 6005700 + 1?
6005701
In base 3, what is 101022212220 + 10?
101022220000
In base 9, what is -45751 + -17?
-45768
In base 2, what is -11 + 10000101101101?
10000101101010
In base 6, what is -12 - 35540?
-35552
In base 16, what is -11f1 + -3?
-11f4
In base 7, what is -34406 + 205?
-34201
In base 7, what is -5042 - 104?
-5146
In base 14, what is 16 - -c6b?
c83
In base 2, what is 101 - -110001100000001?
110001100000110
In base 6, what is -1232030 + -2?
-1232032
In base 13, what is 484 + 11?
495
In base 5, what is -323132011 - -1?
-323132010
In base 9, what is 60 - 1572?
-1512
In base 16, what is -82 + 7db?
759
In base 8, what is -1547143 + 4?
-1547137
In base 11, what is 9844a + -40?
9840a
In base 16, what is 9f8 + 37a?
d72
In base 14, what is 167 + 1370?
14d7
In base 11, what is 16 + -845a?
-8444
In base 12, what is -323 + -67?
-38a
In base 13, what is 219517 - 9?
21950b
In base 2, what is 1101001101 - -111110?
1110001011
In base 6, what is -2102 + 35?
-2023
In base 7, what is 255022 - 162?
254530
In base 13, what is -5099 - 50?
-5119
In base 11, what is 25 - 2908?
-2893
In base 4, what is 13 - -322211301?
322211320
In base 13, what is 108bc0 - -3?
108bc3
In base 5, what is -30444 - -40?
-30404
In base 9, what is 47 - 253?
-205
In base 3, what is -12 - -122101002?
122100220
In base 16, what is 1cb - -124?
2ef
In base 13, what is -30b2 - 6?
-30b8
In base 16, what is 17077 + -b?
1706c
In base 2, what is -1110 - 1111111101?
-10000001011
In base 12, what is 130 + 2239?
2369
In base 6, what is 3 - 100105?
-100102
In base 7, what is -2 + -631132?
-631134
In base 8, what is -227 - -72?
-135
In base 4, what is 22 + 1301131?
1301213
In base 16, what is 1 - -8954?
8955
In base 10, what is 2 - -157885?
157887
In base 8, what is -5534 - -301?
-5233
In base 7, what is -6140 - -444?
-5363
In base 10, what is -27 + 2102?
2075
In base 16, what is -41 - 1935?
-1976
In base 16, what is 1 - 15c0?
-15bf
In base 2, what is 1111 + -101101101110010?
-101101101100011
In base 8, what is 13 - -10446?
10461
In base 9, what is -3555402 + 3?
-3555388
In base 7, what is -43245 + 3?
-43242
In base 2, what is 0 + 11100101111101?
11100101111101
In base 11, what is 1434071 + -2?
143406a
In base 8, what is -2375 - 20?
-2415
In base 7, what is 51 - -1640?
2021
In base 13, what is -8889 + -3?
-888c
In base 16, what is 105 - -92?
197
In base 16, what is -65 - 140?
-1a5
In base 9, what is 54 - 452?
-387
In base 13, what is -16c - -37?
-135
In base 15, what is -4 + 11339?
11335
In base 4, what is -30 - -11230130?
11230100
In base 3, what is 12121021120 - 10?
12121021110
In base 9, what is 1445130 - -3?
1445133
In base 5, what is 1320104 + 4?
1320113
In base 8, what is -107467 - 3?
-107472
In base 6, what is -210 + -121420?
-122030
In base 12, what is 1511 + -26?
14a7
In base 5, what is -2421 + 330?
-2041
In base 6, what is -1 - 4514242?
-4514243
In base 7, what is -11 + 212610?
212566
In base 15, what is -66 - 2c3?
-339
In base 9, what is 51 + -737?
-676
In base 15, what is 3 + -b746?
-b743
In base 5, what is 223344 + 400?
224244
In base 6, what is -4 - -430542?
430534
In base 7, what is -1601 + 106?
-1462
In base 10, what is 941 - -75?
1016
In base 6, what is -1112 + 413?
-255
In base 11, what is 2 - -3aa5?
3aa7
In base 16, what is -8e + -29?
-b7
In base 12, what is -8525 - -3?
-8522
In base 14, what is -bdda + -3?
-bddd
In base 5, what is 44414332 - -4?
44414341
In base 10, what is 7998 + -28?
7970
In base 6, what is -13350 - 22333?
-40123
In base 10, what is 0 - 501009?
-501009
In base 14, what is -399d - -482?
-351b
In base 4, what is -32 + 232000?
231302
In base 11, what is 10526 + 4?
1052a
In base 3, what is 100102 + 100211?
201020
In base 7, what is 11 - 122416?
-122405
In base 16, what is 16f - b8?
b7
In base 15, what is -58 + cd4?
c7b
In base 6, what is -30 + -1140?
-1210
In base 2, what is -1110001010 - -100001111?
-1001111011
In base 14, what is -2 + 2645?
2643
In base 9, what is 1643 - 65?
1567
In base 7, what is -55446 + -5?
-55454
In base 9, what is 67 + -3252?
-3174
In base 2, what is 11110001101 + 111110?
11111001011
In base 5, what is 1 - -11140202?
11140203
In base 15, what is -23 + -180?
-1a3
In base 15, what is -42 + -3e3?
-435
In base 16, what is 42 + 20b?
24d
In base 12, what is -7 + -b5b?
-b66
In base 9, what is -160 + 2401?
2231
In base 10, what is 45 - -816?
861
In base 14, what is -17 + -10560?
-10577
In base 9, what is 28 - -144677?
144716
In base 13, what is b + 1a8b?
1a99
In base 15, what is -d4 + -3430?
-3514
In base 8, what is 21 + 363252?
363273
In base 11, what is -477 + 2034?
1668
In base 11, what is 532a96 - -2?
532a98
In base 7, what is -125 - -551502?
551344
In base 8, what is 271137 - -4?
271143
In base 4, what is -211 + 1032311?
1032100
In base 7, what is 2304 + -1105?
1166
In base 16, what is -1 + 441b?
441a
In base 7, what is -60432 + 14?
-60415
In base 8, what is -5515 + 30?
-5465
In base 15, what is 34 + 308?
33c
In base 5, what is -2042133 + -21?
-2042204
In base 10, what is 2 + -9641?
-9639
In base 2, what is 11 - -101111011?
101111110
In base 6, what is -40521 - -24?
-40453
In base 10, what is -21 - -18513?
18492
In base 12, what is -1405 - 8?
-1411
In base 4, what is 1310032 + 200?
1310232
In base 11, what is 52535 - 21?
52514
In base 4, what is 3 + -213113200?
-213113131
In base 8, what is 4 - -303136?
303142
In base 3, what is -112102 + -1102121?
-1222000
In base 16, what is -44 + -1b53?
-1b97
In base 4, what is -11 + -12333033?
-12333110
In base 7, what is 2231 + -23034?
-20503
In base 15, what is 93 + 246?
2d9
In base 2, what is 10000101011 + 1011100110?
11100010001
In base 5, what is -20421 + 42?
-20324
In base 4, what is -31002 + 10013?
-20323
In base 16, what is -5 - 3100?
-3105
In base 10, what is -49 + -497?
-546
In base 4, what is 1 - 100322211?
-100322210
In base 3, what is 1102212222 - 10?
1102212212
In base 14, what is -3 - dd36?
-dd39
In base 12, what is 137a + -489?
ab1
In base 7, what is 3044 + 22?
3066
In base 12, what is 988998 + -3?
988995
In base 13, what is -7 + -2cc2?
-2cc9
In base 12, what is -24 + 1006?
ba2
In base 16, what is -5ce + -61?
-62f
In base 2, what is -110 + 100010111000110010?
100010111000101100
In base 16, what is 3a - 1c0?
-186
In base 4, what is -113020 - -2200?
-110220
In base 13, what is -65b1 - 43?
-6624
In base 15, what is 1 + 196ee8?
196ee9
In base 8, what is 5 + -116363?
-116356
In base 4, what is 221111 + 112?
221223
In base 13, what is -3 + 28866?
28863
In base 13, what is 37b43 - -4a?
37b90
In base 16, what is d + -24f9?
-24ec
In base 16, what is -9 + -1619?
-1622
In base 11, what is 1630 - 955?
786
In base 2, what is 100111110110010101111 - -100?
100111110110010110011
In base 4, what is -3322 + 10200?
212
In base 12, what is 91 + -176?
-a5
In base 3, what is 220110 + 2120?
1000000
In base 12, what is 29 + -4088?
-405b
In base 16, what is -2a + 59bc?
5992
In base 7, what is 2146 - -33?
2212
In base 2, what is 110010110011111111 + -100?
110010110011111011
In base 13, what is 365 - -36?
39b
In base 6, what is 33 + -21115?
-21042
In base 5, what is -1 - 113104034?
-113104040
In base 11, what is -427 - 103?
-52a
In base 9, what is -6 + 4031?
4024
In base 11, what is 28a46 + -3?
28a43
In base 13, what is 224 - -21?
245
In base 16, what is -3 - 214d?
-2150
In base 11, what is 21237a + 2?
212381
In base 10, what is 8 + 800?
808
In base 2, what is 10000111 + -101100111?
-11100000
In base 3, what is -20 + 21211122010?
21211121220
In base 10, what is 2 - 1515?
-1513
In base 5, what is -333334 - 341?
-334230
In base 7, what is 243 - -153?
426
In base 4, what is -23 + 3330003?
3323320
In base 12, what is 32 - 5793?
-5761
In base 2, what is 111011100101 + 100111110?
1000000100011
In base 2, what is 1010100111001 - -1011011?
1010110010100
In base 10, what is -8674471 - -2?
-8674469
In base 16, what is -4 + 4850?
484c
In base 13, what is -2 - -2844?
2842
In base 8, what is -3 + -445301?
-445304
In base 10, what is 123379 + -8?
